rime factors of g.
7
Let t be -1 + 2/1 + -1. Let f(o) = o**3 + o + 11. List the prime factors of f(t).
11
Let j(i) = i + 2. Let q be j(0). Let t(r) = 3 + 0 - r + 2*r**q - r**2. What are the prime factors of t(0)?
3
Suppose 2*z = -2*z - 24. What are the prime factors of (-4)/z*(-27)/(-6)?
3
Let u = -132 - -208. What are the prime factors of u?
2, 19
Let k(u) = 2*u**3 - 8*u**2 + 9*u - 11. What are the prime factors of k(5)?
2, 3, 7
Let m = 18 + -12. List the prime factors of m.
2, 3
List the prime factors of (106/3)/2*3.
53
Let c be 2 - 2*(-1 + 0). Suppose 0 = -2*a + 3*q + 12, -5*a - 2*q + 41 = -c*q. List the prime factors of a.
3
Suppose -4*m = p - 11, 3*m + 25 = -2*m. List the prime factors of p.
31
What are the prime factors of -3*(-23)/6*6?
3, 23
Let o be -2 - (6/3 - 0). What are the prime factors of (o/(-10))/((-2)/(-60))?
2, 3
What are the prime factors of (-3 + (-21)/(-5))/(2/390)?
2, 3, 13
Suppose 2*p + 9 = 5*p. Let b be (0 - -2) + (-2 - -1). List the prime factors of 1 + b + p + -2.
3
Suppose j = -4*j. Suppose j*m = -4*m + 56. What are the prime factors of m?
2, 7
Let w be (-16 + 3)/(2/(-4)). Suppose -18 - w = -2*n. Let f = n + -14. What are the prime factors of f?
2
Suppose 4*h - 90 = -2*v, 5*v - 246 = 3*h - 6*h. What are the prime factors of v?
3, 17
Suppose 0*q + 5*q - x = 420, -x = -4*q + 337. Suppose -q = 5*g + 5*s + 2, 2*s = g + 5. Let k = -2 - g. List the prime factors of k.
11
Let b = -47 + 89. Let o = 59 - b. List the prime factors of o.
17
Suppose -11*n = 3*n - 994. List the prime factors of n.
71
Let m be (-2)/6*(1 + -1). Suppose m = -3*d + 5*i - 4 - 10, 2*d + i = 8. What are the prime factors of d?
2
Suppose -28 = g - 143. List the prime factors of g.
5, 23
Suppose 2*u - 124 = -5*b, b - 2*u + 11 = 43. List the prime factors of b.
2, 13
Suppose -135 = -s - 68. List the prime factors of s.
67
Let k(f) = -2*f**2 - 3*f - 2. Suppose 0 = -0*d - 3*d - 6. Let m be k(d). Let j = -2 - m. What are the prime factors of j?
2
Let j(h) be the second derivative of -h**3/3 + 7*h. What are the prime factors of j(-6)?
2, 3
Suppose -6 = -0*f - 3*f. Suppose 0*q - 2*q = 12. List the prime factors of (-76)/q + f/(-3).
2, 3
Let v(i) = i**2 + 3*i + 1. List the prime factors of v(4).
29
Suppose -3*q - 1 = -2*q. Let a be (-98)/8 + q/(-4). What are the prime factors of (a/(-15))/((-1)/(-15))?
2, 3
List the prime factors of (-1 - -1) + 2 - (-1 - 147).
2, 3, 5
Let h = 65 + 67. Suppose 8*g - h = 2*g. List the prime factors of g.
2, 11
What are the prime factors of ((234 + 2)/(-2))/(-1)?
2, 59
Let o(u) = -3*u - 15. Let i(s) = -5*s - 23. Let a(t) = 5*i(t) - 8*o(t). Let l(w) = 1. Let j(h) = -3*a(h) + 12*l(h). What are the prime factors of j(3)?
2, 3
Let v be 10/2*(-90)/(-25). Let d(z) = -4*z**3 - 2*z**2 - 4*z - 2. Let g be d(-2). Let f = g - v. List the prime factors of f.
2, 3
Let j(q) = -4*q**3 + 2*q + 2. Let i be j(-2). Let s = i - 18. What are the prime factors of s?
2, 3
Let k(y) be the first derivative of 5*y**4/4 - y**3/3 + y + 4. List the prime factors of k(1).
5
Suppose -86 = -i - 25. Suppose 2*u = -17 + i. What are the prime factors of u?
2, 11
Let d(b) = b**3 + b**2 - b + 5. Let x be d(0). Suppose -4*s - 16 = 0, -4*z - x*s = -4 + 20. List the prime factors of 2 + z - -2*1.
5
Let k(v) = 3 + v**2 + 3*v**2 - 3*v**2 + 4*v. Let p be 513/(-95) + 6/(-10). List the prime factors of k(p).
3, 5
Let p = -13 - -8. Let h be (0 + 1)*(p - -7). List the prime factors of -7*(h - 0 - 3).
7
Let c(d) = d**2 + 7*d + 5. Let u(k) = -k**2 + 8*k - 6. Let b be u(8). Let x be c(b). Let g = 4 + x. List the prime factors of g.
3
Let n(g) = g**3 - 6*g**2 - 7*g + 6. Let y be (1 + -2)*7*-1. What are the prime factors of n(y)?
2, 3
Suppose 0 = w - 5*b - 4, -4*b = -6*b + 10. What are the prime factors of w?
29
Suppose s + 5 - 17 = 0. What are the prime factors of -3 + (-3 - (-3 - s))?
3
Suppose -j + 3*m + 3 = 0, -2*m - 2 = -j + 2. Suppose 2*w + j = 2*o, -4*o + 24 = 8. List the prime factors of (3*w)/(-4 + 5).
3
Suppose 2*i - 466 = -3*i - 3*q, -4*q = -4*i + 360. Suppose 6*r = 2*r + i. Suppose 3*j + 2*o - 24 = 0, -5*o - r = -4*j + 9. What are the prime factors of j?
2
Let a be (-3 - 7)*(-1)/2. Let r = 15 - a. Suppose 5*p - r = -0. What are the prime factors of p?
2
Let r(o) be the third derivative of -o**6/120 - o**5/15 - o**4/12 + o**3/6 + o**2. What are the prime factors of r(-4)?
3
List the prime factors of 27 + (-2 + 4)*2.
31
Suppose 0 = 2*r - 6*r + 224. What are the prime factors of r?
2, 7
Let v = 4 - 3. Suppose v = -a + 14. What are the prime factors of a?
13
Suppose -6 = -2*c + c. Let b be 0/3*3/c. Suppose b = -2*k - k + 51. List the prime factors of k.
17
Suppose -14*a + 18*a - 824 = 0. What are the prime factors of a?
2, 103
Let z(o) = -15*o + 52. List the prime factors of z(-14).
2, 131
Let t = 16 - -18. What are the prime factors of t?
2, 17
Let x(v) = -3*v - 6 + 2*v**2 - 4*v + 0*v + v. List the prime factors of x(5).
2, 7
Suppose -3*q + 5*h - 4 = 13, 0 = h + 5. Let d = q - -29. List the prime factors of d.
3, 5
Suppose 0*g = 5*g - 20. List the prime factors of (g/3)/((-2)/(-18)).
2, 3
Suppose w + 5*z = 21, -4*w + 4*z - 2 = 34. What are the prime factors of 1 - 4/(w/5)?
2, 3
Suppose 0 = -5*s + 533 + 337. What are the prime factors of s?
2, 3, 29
Suppose -216*u + 219*u = 372. What are the prime factors of u?
2, 31
Let q(j) = 6 + 5*j - 5 + 1. What are the prime factors of q(4)?
2, 11
Let f be (3/(-6) - 0)*0. Suppose 15 = 2*y + r, f*y = 5*y - 5*r. List the prime factors of y.
5
Suppose -3*b = -13 + 1. Suppose -b*w - 7 = -31. List the prime factors of w.
2, 3
Let g(b) = 11*b**2 + 2*b. Let x be g(-2). Suppose 6*o = o + x. What are the prime factors of o?
2
Let h = -15 - -19. Suppose 4*l + 42 = q + 7*l, -l + 157 = h*q. What are the prime factors of q?
3, 13
Let v = -6 - -6. Suppose -4*i + 36 = -4*p, 3*i + p - 2*p - 17 = v. Suppose j + 7 = -2*k - k, -i*j = -4*k - 20. List the prime factors of j.
2
Let q = -1 - -2. Let a be (q/1)/((-1)/2). Let x(c) = 4*c**2 - c + 2. What are the prime factors of x(a)?
2, 5
Let l be -1 - 1 - -2 - 0. Let w(g) = l - 2 + 10*g**2 + 1. List the prime factors of w(1).
3
What are the prime factors of 1002/15 - 24/30?
2, 3, 11
Suppose -6*p = -p - 350. List the prime factors of p.
2, 5, 7
Suppose -z + 22 = 2*z - x, 26 = 4*z - 2*x. List the prime factors of z + (-1)/((-3)/6).
11
What are the prime factors of 0 - (2 - (0 - -25))?
23
Let z = 370 + -226. Let q = -95 + z. Suppose 0 = -3*d - 2*r + 37, 2*d + d - r = q. List the prime factors of d.
3, 5
Let z(s) = -4*s**3 - 12*s**2 - 8*s + 1. Let x(b) = 3*b**3 + 11*b**2 + 9*b. Let l(y) = -3*x(y) - 2*z(y). List the prime factors of l(-8).
2, 11
Let x(u) = 6*u + 3. What are the prime factors of x(2)?
3, 5
Let z = 39 - 57. What are the prime factors of (-6 - -5)/(2/z)?
3
Let r(k) = 60*k - 1. Let a(h) = -h**2 - 2*h + 4. Let w be a(-3). Let j be r(w). Suppose 5*v - 5*b = 75, -3*v + 8*v - b = j. What are the prime factors of v?
11
Suppose 5*r + 2*g + 0*g = 1937, 3*r + 3*g - 1155 = 0. List the prime factors of r.
389
Let v = -23 - -32. Suppose 3*z + 2*f - 7 = v, -4 = -2*f. Suppose -z*l = 4*c - 52, -5*c - 7 = -3*l - 0*c. What are the prime factors of l?
3
Let o = 3 + -2. Suppose s + o = -0*s. List the prime factors of (5/2)/(s/(-2)).
5
Let g = -20 - -37. List the prime factors of g.
17
Suppose 4*x + 7 = 299. List the prime factors of x.
73
Let v(k) = -6*k**2 + 1. Let p be v(-1). Let d = 8 + p. Suppose -62 = -5*w + z, w - 56 = -d*w + 4*z. List the prime factors of w.
2, 3
Let f = 7 + 29. Suppose 0 = -j - 4*r + f, 46 - 136 = -3*j - 3*r. List the prime factors of j.
2, 7
Suppose a = l, -2*l + 0*l + 6 = a. Let m(u) = -11*u + 7 + l + 12*u. What are the prime factors of m(-5)?
2
Let b(z) = -4*z + 49. What are the prime factors of b(7)?
3, 7
Let g(a) = a**3 + 7*a**2 + 5*a - 3. Let s be g(-6). Suppose -18 = -s*c + 45. List the prime factors of c.
3, 7
Let r(v) = -1. Let d(p) = 21*p + 5. Let b(g) = -d(g) - 5*r(g). List the prime factors of b(-1).
3, 7
Let r(o) = -2*o**3 - 4*o**2 - 3*o - 2. Let z be r(-2). Let f be (-5 + -1)/(3/(-4)). Suppose z*y = f*y - 20. List the prime factors of y.
5
Suppose 0 = x - 5. Let a = 8 - 4. Suppose -x = -l + a. List the prime factors of l.
3
Let z be (-4)/(-16) - (-86)/8. Suppose -n + 0*n = -z.